atest common factor of 16740 and 606479040?
5580
What is the highest common factor of 4315976 and 379768?
296
Calculate the greatest common divisor of 738864 and 59472.
1008
Calculate the greatest common divisor of 22361 and 7959.
379
Calculate the highest common divisor of 72 and 5468049.
9
Calculate the highest common divisor of 1993 and 52651074.
1993
What is the greatest common divisor of 332719121 and 1526?
763
What is the highest common divisor of 1494 and 529029?
9
Calculate the greatest common divisor of 38624 and 7053992.
568
What is the highest common factor of 114019 and 3251641?
323
What is the greatest common divisor of 89850586 and 28?
14
What is the highest common divisor of 258 and 132054?
6
What is the highest common divisor of 5549045 and 1805?
95
What is the highest common divisor of 104855 and 126965?
335
Calculate the greatest common factor of 40290 and 1501.
79
What is the greatest common divisor of 11246690 and 1454?
1454
What is the highest common divisor of 566400 and 183?
3
Calculate the greatest common divisor of 2075 and 1991875.
25
Calculate the greatest common divisor of 3176 and 243415786.
794
Calculate the highest common factor of 177324 and 21132.
12
Calculate the highest common divisor of 82363276 and 115.
23
Calculate the highest common factor of 675555 and 133980.
435
What is the greatest common factor of 6848 and 3788656?
1712
What is the greatest common divisor of 87318 and 2275658?
1078
What is the greatest common divisor of 48464856 and 726?
726
Calculate the highest common factor of 723151 and 7865429.
1859
Calculate the highest common factor of 102025 and 687092.
371
What is the highest common divisor of 50244675 and 156?
39
Calculate the greatest common factor of 9127468 and 511868.
5068
What is the greatest common factor of 207409932 and 1152?
36
What is the greatest common divisor of 29667088 and 12980?
2596
Calculate the highest common divisor of 10754609 and 23656.
2957
Calculate the greatest common factor of 31848771 and 553.
79
What is the highest common divisor of 22481624 and 100?
4
Calculate the greatest common divisor of 6440 and 460640.
40
What is the greatest common divisor of 825708966 and 6?
6
Calculate the highest common factor of 5292 and 851571.
441
What is the greatest common factor of 2628 and 166707?
9
What is the greatest common factor of 16 and 396400200?
8
What is the highest common factor of 425239 and 8512?
19
Calculate the highest common factor of 113838 and 5422.
2
What is the highest common factor of 7230 and 6194415?
15
Calculate the greatest common divisor of 10428 and 220407.
33
What is the highest common divisor of 86 and 56665787?
43
Calculate the greatest common factor of 19506448 and 14516.
764
Calculate the highest common factor of 513 and 2527254.
27
What is the highest common divisor of 18948576 and 1056?
96
Calculate the highest common factor of 784944053 and 21092.
5273
What is the highest common divisor of 5525 and 645775?
325
What is the greatest common factor of 3063 and 247934535?
3063
What is the highest common divisor of 5265 and 266430?
15
Calculate the highest common factor of 325 and 1646177.
13
Calculate the greatest common factor of 2483 and 429507.
13
Calculate the highest common divisor of 2280 and 620520.
120
Calculate the greatest common divisor of 18718 and 188899.
191
Calculate the highest common divisor of 10255 and 13173573.
2051
Calculate the greatest common divisor of 52280951 and 77620.
3881
Calculate the highest common divisor of 33702 and 12054.
246
What is the highest common factor of 75600 and 514500?
2100
What is the highest common factor of 16992 and 795456?
288
Calculate the greatest common divisor of 5376 and 2377032.
168
What is the highest common factor of 333204 and 1644?
12
What is the highest common divisor of 1794 and 50969334?
1794
Calculate the greatest common divisor of 2501565 and 45.
15
Calculate the highest common divisor of 6895801 and 264.
11
What is the highest common divisor of 100 and 10686424?
4
Calculate the highest common factor of 444 and 141328493.
37
What is the greatest common divisor of 280 and 11424280?
280
Calculate the greatest common factor of 144444 and 39.
3
What is the greatest common factor of 155104 and 3479360?
4192
Calculate the highest common factor of 78581 and 35998.
439
What is the greatest common factor of 77822090 and 45?
5
Calculate the greatest common factor of 716490 and 13827.
1257
What is the greatest common factor of 477552424 and 9136?
4568
What is the highest common factor of 99853 and 85896623?
7681
What is the highest common factor of 161657872 and 41904?
1552
What is the greatest common factor of 12564125 and 21?
7
Calculate the highest common factor of 2937 and 193314.
33
Calculate the highest common factor of 3378 and 459970437.
1689
Calculate the greatest common divisor of 2190 and 893970.
30
What is the highest common divisor of 81757715 and 9035?
9035
What is the highest common factor of 16555 and 1703548?
77
What is the highest common factor of 4619 and 4362571?
149
What is the highest common divisor of 4318182 and 323082?
3474
Calculate the highest common factor of 30402 and 6209890.
1126
Calculate the highest common factor of 4314 and 2442.
6
Calculate the greatest common divisor of 445380 and 2580.
60
What is the highest common divisor of 108 and 165670110?
54
What is the highest common factor of 216793305 and 45?
45
Calculate the greatest common divisor of 2424320 and 260.
20
What is the greatest common factor of 3244365 and 51255?
765
What is the greatest common factor of 100880 and 332800?
1040
Calculate the highest common divisor of 243970 and 44640.
310
Calculate the greatest common factor of 81 and 55613763.
27
What is the highest common factor of 3272 and 56246089?
409
What is the highest common factor of 2625 and 683625?
375
What is the greatest common divisor of 23673840 and 200?
40
Calculate the greatest common divisor of 39 and 47289411.
39
Calculate the greatest common divisor of 65237 and 529016.
89
What is the highest common factor of 38316137 and 23?
23
What is the highest common divisor of 11264443 and 183?
61
What is the greatest common divisor of 275891595 and 938?
469
Calculate the highest common factor of 1660 and 2734684.
332
Calculate the greatest common factor of 23682340 and 3410.
110
What is the greatest common factor of 27802605 and 494?
19
Calculate the highest common factor of 830 and 316744.
2
Calculate the greatest common factor of 17944290 and 6.
6
Calculate the greatest common divisor of 7575 and 43743100.
2525
What is the highest common divisor of 8981918 and 4972?
2486
What is the highest common factor of 2013 and 33872019?
183
What is the greatest common divisor of 33314702 and 4?
2
Calculate the highest common factor of 3842527 and 18343.
221
What is the highest common factor of 770 and 3143210?
70
What is the greatest common divisor of 464995 and 565?
565
Calculate the highest common divisor of 2444486 and 3927603.
4831
What is the greatest common factor of 3975 and 1019505?
15
What is the highest common divisor of 5620755 and 54327?
4179
Calculate the highest common factor of 672 and 12665212.
28
Calculate the highest common factor of 31000 and 16389400.
200
Calculate the highest common factor of 303 and 14400.
3
Calculate the highest common factor of 44036 and 127159.
101
What is the greatest common factor of 1025 and 8375?
25
Calculate the highest common divisor of 108781 and 752417.
181
What is the greatest common factor of 8587 and 189191?
277
Calculate the greatest common factor of 24075 and 431835.
15
What is the highest common divisor of 79086 and 171402?
294
What is the greatest common factor of 75 and 66183225?
75
Calculate the highest common divisor of 4644 and 19378251.
1161
What is the highest common factor of 5018347 and 1073?
37
What is the highest common factor of 91211514 and 2451?
2451
Calculate the greatest common factor of 77503609 and 10821.
3607
What is the highest common factor of 239468 and 43872?
1828
Calculate the greatest common divisor of 1796299 and 98163.
839
What is the greatest common divisor of 46 and 15780691?
23
Calculate the greatest common factor of 154 and 91425103.
77
What is the greatest com